{"id":472,"date":"2014-02-06T02:00:07","date_gmt":"2014-02-06T07:00:07","guid":{"rendered":"http:\/\/iedlaunion.edu.co\/wps\/index.php\/2014\/02\/06\/valores-institucionales\/"},"modified":"2018-07-14T16:25:47","modified_gmt":"2018-07-14T21:25:47","slug":"valores-institucionales","status":"publish","type":"page","link":"https:\/\/iedlaunion.edu.co\/wps\/institute\/valores-institucionales\/","title":{"rendered":"Valores Institucionales"},"content":{"rendered":"<h2 style=\"font-family: 'Lucida Sans Unicode', 'Lucida Grande', sans-serif; clear: both; color: #6c991a; font-weight: normal; background-color: #ffffff;\">RESPETO<\/h2>\n<div style=\"color: #666666; font-family: Verdana; background-color: #ffffff; text-align: justify;\">\n<div>El Respeto es reconocer, apreciar y valorar a mi persona, as\u00ed como a los dem\u00e1s, y a mi entorno. Es establecer hasta d\u00f3nde llegan mis posibilidades de hacer o no hacer, como base de toda convivencia en sociedad.<\/div>\n<div><\/div>\n<div>El respeto es reconocer en s\u00ed y en los dem\u00e1s sus derechos y virtudes con dignidad, d\u00e1ndoles a cada qui\u00e9n su valor. Esta igualdad exige un trato atento y respetuoso hacia todos. El respeto se convierte en una condici\u00f3n de equidad y justicia, donde la convivencia pac\u00edfica se logra s\u00f3lo si consideramos que este valor es una condici\u00f3n para vivir en paz con las personas que nos rodean.<\/div>\n<\/div>\n<div style=\"color: #666666; font-family: Verdana; background-color: #ffffff;\"><\/div>\n<h2 style=\"font-family: 'Lucida Sans Unicode', 'Lucida Grande', sans-serif; clear: both; color: #6c991a; font-weight: normal; background-color: #ffffff;\">RESPONSABILIDAD<\/h2>\n<div style=\"color: #666666; font-family: Verdana; background-color: #ffffff; text-align: justify;\">\n<div>Es cumplir con el deber de asumir las consecuencias de nuestros actos. Ser responsable tambi\u00e9n es tratar de que todos nuestros actos sean realizados de acuerdo con una noci\u00f3n de justicia y de cumplimiento del deber en todos los sentidos.<\/div>\n<div><\/div>\n<div>Los valores son la base de nuestra convivencia social y personal. La responsabilidad es un valor, porque de ella depende la estabilidad de las relaciones personales. La responsabilidad es valiosa porque es dif\u00edcil de alcanzar.<\/div>\n<\/div>\n<div style=\"color: #666666; font-family: Verdana; background-color: #ffffff;\"><\/div>\n<h2 style=\"font-family: 'Lucida Sans Unicode', 'Lucida Grande', sans-serif; clear: both; color: #6c991a; font-weight: normal; background-color: #ffffff;\">TOLERANCIA<\/h2>\n<div style=\"color: #666666; font-family: Verdana; background-color: #ffffff; text-align: justify;\">Definimos la tolerancia como la aceptaci\u00f3n de la diversidad de opini\u00f3n, social, \u00e9tnica, cultural y religiosa. Es la capacidad de saber escuchar y aceptar a los dem\u00e1s, valorando las distintas formas de entender y posicionarse en la vida, siempre que no atenten contra los derechos fundamentales de la persona.<\/div>\n","protected":false},"excerpt":{"rendered":"<p>RESPETO El Respeto es reconocer, apreciar y valorar a mi persona, as\u00ed como a los dem\u00e1s, y a mi entorno. Es establecer hasta d\u00f3nde llegan mis posibilidades de hacer o no hacer, como base de toda convivencia en sociedad. El respeto es reconocer en s\u00ed y en los dem\u00e1s sus derechos y virtudes con dignidad, [&hellip;]<\/p>\n","protected":false},"author":1,"featured_media":0,"parent":59,"menu_order":0,"comment_status":"open","ping_status":"open","template":"","meta":{"footnotes":""},"class_list":["post-472","page","type-page","status-publish","hentry"],"_links":{"self":[{"href":"https:\/\/iedlaunion.edu.co\/wps\/wp-json\/wp\/v2\/pages\/472","targetHints":{"allow":["GET"]}}],"collection":[{"href":"https:\/\/iedlaunion.edu.co\/wps\/wp-json\/wp\/v2\/pages"}],"about":[{"href":"https:\/\/iedlaunion.edu.co\/wps\/wp-json\/wp\/v2\/types\/page"}],"author":[{"embeddable":true,"href":"https:\/\/iedlaunion.edu.co\/wps\/wp-json\/wp\/v2\/users\/1"}],"replies":[{"embeddable":true,"href":"https:\/\/iedlaunion.edu.co\/wps\/wp-json\/wp\/v2\/comments?post=472"}],"version-history":[{"count":1,"href":"https:\/\/iedlaunion.edu.co\/wps\/wp-json\/wp\/v2\/pages\/472\/revisions"}],"predecessor-version":[{"id":504,"href":"https:\/\/iedlaunion.edu.co\/wps\/wp-json\/wp\/v2\/pages\/472\/revisions\/504"}],"up":[{"embeddable":true,"href":"https:\/\/iedlaunion.edu.co\/wps\/wp-json\/wp\/v2\/pages\/59"}],"wp:attachment":[{"href":"https:\/\/iedlaunion.edu.co\/wps\/wp-json\/wp\/v2\/media?parent=472"}],"curies":[{"name":"wp","href":"https:\/\/api.w.org\/{rel}","templated":true}]}}